lculate t(15).
0
Let y(s) = s**3 - 7*s**2 - 5*s + 24. Give y(4).
-44
Let p(d) = -d**2 - 38*d + 479. Determine p(-47).
56
Let g(i) = 127*i - 6412. Determine g(50).
-62
Let k(l) = 194*l + 19407. Determine k(-100).
7
Let a(x) = -x**3 - 6*x**2 - 11*x - 348. Determine a(-9).
-6
Let l(k) = 37*k**2 + 2040*k + 262. What is l(-55)?
-13
Let s(l) = -l**3 + l**2 - l - 6. Determine s(-3).
33
Let a(f) = 35*f + 571. Calculate a(-25).
-304
Let v(o) = o**2 - 181*o + 6549. Give v(50).
-1
Let n(z) = -3*z**3 + 68*z**2 - 47*z - 82. What is n(22)?
-148
Let c(g) = -11*g - 191. Calculate c(-16).
-15
Let p(m) = m**2 - m + 3. Calculate p(3).
9
Let r(x) = x**2 - 118*x + 3185. Give r(76).
-7
Let a(n) = -2*n**2 - 3*n + 16. Determine a(3).
-11
Let l(z) = -z**3 - 21*z**2 + 192*z - 117. Calculate l(-28).
-5
Let f(q) = q**3 - 5*q**2 + 16*q - 170. What is f(7)?
40
Let p(c) = -2*c**3 - 43*c**2 - 111*c + 15. Determine p(-3).
15
Let r(t) = -178*t - 4442. Calculate r(-25).
8
Let j(a) = a**3 + 16*a**2 - 19*a + 20. Calculate j(-17).
54
Let s(k) = 8*k**2 - 9*k - 10. Calculate s(-1).
7
Let s(a) = 30*a - 1581. What is s(52)?
-21
Let x(a) = 2*a**3 + 223*a**2 - 107*a + 527. What is x(-112)?
-33
Let a(y) = y**3 + 40*y**2 - 567*y - 281. Determine a(-51).
25
Let k(y) = -35*y - 4723. Give k(-135).
2
Let i(c) = 33*c - 1140. Calculate i(34).
-18
Let n(u) = -353*u - 2650. Give n(-8).
174
Let q(y) = -1029*y + 18522. What is q(18)?
0
Let h(f) = -2663*f + 34615. What is h(13)?
-4
Let d(m) = 137*m - 799. What is d(5)?
-114
Let l(p) = 7*p**2 - 171*p - 99. Calculate l(25).
1
Let u(k) = -18*k - 153. Determine u(-8).
-9
Let f(m) = -31*m + 460. Determine f(17).
-67
Let j(r) = 2*r + 156. Determine j(-5).
146
Let k(y) = 9*y - 41. Calculate k(-28).
-293
Let t(d) = 73*d + 2224. Give t(-31).
-39
Let b(u) = u**2 + 5*u - 1. Calculate b(-7).
13
Let n(i) = -619*i - 39617. Calculate n(-64).
-1
Let t(q) = -2*q**2 - 42*q - 218. Determine t(-12).
-2
Let a(g) = 20*g + 612. Determine a(-27).
72
Let c(s) = -s**2 + 38*s + 1308. Calculate c(-22).
-12
Let a(f) = 136*f - 4601. Calculate a(34).
23
Let m(t) = -35*t**3 - t**2 + 498*t + 498. Determine m(-1).
34
Let w(b) = 2*b**3 + 63*b**2 - 43*b - 20. Give w(-32).
332
Let d(s) = s**3 + 9*s**2 + 2*s - 73. What is d(-8)?
-25
Let p(l) = -4*l**2 - 48*l + 48. Determine p(-13).
-4
Let a(y) = -38*y**2 + 856*y + 317. Determine a(23).
-97
Let s(m) = -m**3 + 23*m**2 + 10*m - 119. Calculate s(23).
111
Let b(a) = 2*a - 5. What is b(0)?
-5
Let u(t) = -4*t**2 - 166*t + 1152. Determine u(6).
12
Let l(u) = u**3 + 19*u**2 + 11*u + 220. Determine l(-19).
11
Let k(w) = w**2 - 59*w - 285. What is k(-4)?
-33
Let c(t) = -326*t + 13037. Determine c(40).
-3
Let l(r) = 4*r**2 - 2*r - 228. What is l(-9)?
114
Let s(o) = -o**2 - 366*o - 31189. Give s(-231).
-4
Let z(c) = 2*c**3 - 6*c**2 + 3*c - 1. Calculate z(8).
663
Let p(x) = -95*x**3 - 4*x**2 + 5*x - 2. Determine p(1).
-96
Let l(o) = -o**3 + 38*o**2 + 86*o - 238. Give l(40).
2
Let c(n) = n**2 - 141*n + 4988. Give c(80).
108
Let l(p) = 2*p**2 + 179*p + 3892. Determine l(-37).
7
Let q(p) = 4699*p - 61093. What is q(13)?
-6
Let w(l) = l**3 + 25*l**2 + 104*l + 50. What is w(-4)?
-30
Let z(p) = -p**3 - 73*p**2 + 920*p - 324. Calculate z(-84).
12
Let n(v) = -v**3 - 4611*v**2 + 55476*v + 2. Calculate n(12).
2
Let x(o) = -o**2 + 15*o - 51. What is x(6)?
3
Let z(j) = 182*j**2 + 1273*j + 22. Determine z(-7).
29
Let h(w) = -560*w + 3388. What is h(6)?
28
Let k(s) = -8*s + 8. Give k(1).
0
Let f(g) = 10*g**2 - 13*g - 277. Calculate f(8).
259
Let p(n) = 2*n**2 - 7*n + 46. Calculate p(-10).
316
Let i(f) = f**3 + 4*f**2 + 6*f + 4. Calculate i(-3).
-5
Let d(a) = 68*a**2 - 8*a - 1. What is d(-2)?
287
Let g(f) = f**3 - 42*f**2 + 33*f + 384. What is g(41)?
56
Let x(o) = o**3 + 27*o**2 + 33. Calculate x(-27).
33
Let n(v) = -v**2 - 20*v - 137. What is n(-19)?
-118
Let d(w) = -w**3 + 22*w**2 + 28*w - 630. What is d(22)?
-14
Let h(v) = v**3 - 6*v**2 - 27*v - 118. What is h(10)?
12
Let h(g) = -g**2 + 4*g + 2. Calculate h(-14).
-250
Let t(x) = -15*x + 869. Give t(62).
-61
Let p(g) = g + 8. Give p(10).
18
Let z(r) = 524*r - 36150. Determine z(69).
6
Let q(o) = 4*o**3 + 89*o**2 - 27*o - 1096. What is q(-22)?
-18
Let y(m) = 2*m**2 + 188*m + 1698. Give y(-84).
18
Let r(v) = -41*v - 3710. What is r(-90)?
-20
Let w(c) = 4292*c - 60087. Give w(14).
1
Let v(y) = 3*y**2 + 58*y - 73. Give v(-29).
768
Let f(h) = -14*h**2 + 259*h - 952. Calculate f(5).
-7
Let z(b) = b**2 - 11*b - 51. Determine z(14).
-9
Let x(g) = -2*g**3 + 18*g**2 - 27*g + 201. Give x(10).
-269
Let l(h) = 44*h - 3817. Determine l(87).
11
Let s(y) = -160*y - 818. Calculate s(-5).
-18
Let k(b) = b**3 - 6*b**2 - 4*b - 21. What is k(6)?
-45
Let j(z) = 105*z - 5275. Determine j(50).
-25
Let b(g) = 2*g**2 - 1215*g - 7334. Calculate b(-6).
28
Let d(h) = -h**3 + 10*h**2 - 12*h + 12. Give d(10).
-108
Let m(w) = -64*w - 2348. What is m(-39)?
148
Let s(i) = 3637*i + 170942. Calculate s(-47).
3
Let q(s) = 9*s - 22. Calculate q(33).
275
Let z(j) = 2*j**2 - 14*j - 104. Determine z(-6).
52
Let r(m) = 2*m**3 - 91*m**2 + 40*m - 13. Give r(45).
-238
Let r(s) = s**3 + 8*s**2 - 38*s - 369. Calculate r(-8).
-65
Let r(t) = t**2 + 12*t - 35. Determine r(-11).
-46
Let s(p) = 58*p**2 - 2199*p - 186. Calculate s(38).
4
Let p(r) = -2*r**2 + 33*r + 100. Determine p(16).
116
Let l(f) = -5*f**2 + 64*f + 37. Determine l(13).
24
Let f(j) = -14*j**2 - 309*j + 644. What is f(-24)?
-4
Let w(t) = -t**2 - 50*t - 562. Determine w(-18).
14
Let y(k) = 9*k**3 - k**2 + k - 1. Give y(-2).
-79
Let n(b) = b**2 + 26*b - 47. Give n(-4).
-135
Let s(p) = -49*p**2 - 200*p - 397. Give s(-2).
-193
Let p(u) = 2*u**2 - 454*u + 13126. What is p(34)?
2
Let o(i) = -3*i**2 + i + 272. Calculate o(-10).
-38
Let o(i) = 51*i + 353. Determine o(-6).
47
Let d(y) = -213*y + 7247. Give d(34).
5
Let p(v) = -6*v**2 - 35*v - 11. Give p(-6).
-17
Let o(w) = -w**3 + 18*w**2 + 47*w - 138. Calculate o(20).
2
Let k(g) = 13*g + 526. Calculate k(-42).
-20
Let c(s) = 4*s**3 - 59*s**2 + 295*s - 3. Give c(6).
507
Let b(f) = -2*f**2 + 25*f - 108. Determine b(10).
-58
Let g(l) = -2*l**3 - 49*l**2 - 27*l + 3. What is g(-24)?
75
Let m(x) = 34*x + 446. Calculate m(-10).
106
Let w(m) = m**2 + 14*m - 1507. Give w(-46).
-35
Let u(i) = 2*i**3 + 62*i**2 + 62*i + 94. Calculate u(-30).
34
Let l(f) = 3*f**3 - 31*f**2 - 43*f + 395. Calculate l(11).
164
Let t(p) = p**2 + 129*p + 4078. What is t(-73)?
-10
Let a(h) = -h**3 + 10*h**2 - 4*h + 33. Give a(10).
-7
Let j(y) = -y**3 + 5*y**2 + 26*y - 100. Give j(4).
20
Let g(n) = 698*n - 6979. What is g(10)?
1
Let f(q) = -263*q**2 - 799*q + 11. What is f(-3)?
41
Let i(f) = 122*f**3 - 855*f**2 + 17*f - 4. Give i(7).
66
Let y(v) = -v**3 + 15*v**2 - 27*v - 14. Calculate y(13).
-27
Let i(p) = -p**3 - 13*p**2 + 148*p + 45. What is i(-20)?
-115
Let u(g) = -19*g + 656. Give u(35).
-9
Let x(v) = 347*v - 1047. Calculate x(3).
-6
Let c(o) = -o**3 - 13*o**2 - 23*o + 38. Determine c(-12).
170
Let f(q) = 1174*q + 34057. Determine f(-29).
11
Let j(v) = -58*v - 688. Determine j(-12).
8
Let b(v) = 2354*v - 16420. Calculate b(7).
58
Let x(s) = s**2 + 40*s + 392. What is x(-17)?
1
Let c(v) = -489*v + 22033. Calculate c(45).
28
Let h(l) = -47*l - 3048. What is h(-65)?
7
Let f(h) = 16*h - 4. Calculate f(7).
108
Let t(v) = v**2 - 48*v + 156. What is t(44)?
-20
Let j(k) = -7*k**3 - 9*k**2 + 5*k - 6. Calculate j(-4).
278
Let j(z) = -22*z + 578. What is j(15)?
248
Let w(g) = 7*g**2 + 515*g - 2991. Determine w(-79).
11
Let m(p) = p**3 + 8*p**2 + 44*p + 353. Determine m(-6).
161
Let r(p) = -1683*p + 15118. Determine r(9).
-29
Let f(q) = 42*q - 484. What is f(-4)?
-652
Let t(m) = 60*m - 594. Determine t(10).
6
Let k(c) = -35*c - 125. Give k(-3).
-20
Let q(z) = z**3 + 9*z**2 - 18*z + 8. What is q(5)?
268
Let f(g) = -7*g**3 - 3*g - 35. Calculate f(5).
-925
Let l(o) = 105*o - 3673. What is l(35)?
2
Let c(o) = -o**3 - 3*o**2 + 37*o + 323. Give c(-8).
347
Let d(j) = 74*j + 48. Calculate d(4).
344
Let u(g) = 19*g + 1540. Determine u(-79).
39
Let h(r) = 83*r - 80. What is h(7)?
501
Let g(n) = 46*n - 2671. Calculate g(62).
181
Let o(b) = -178*b**2 - 11*b - 7. Calculate o(-1).
-174
Let l(j) = -16988*j + 51003. Determine l(3).
39
Let x(t) = -11*t**2 - 5*t + 5. Give x(2).
-49
Let a(o) = -2*o**3 + 60*o**2 